{"id":28,"date":"2022-11-01T21:54:36","date_gmt":"2022-11-01T20:54:36","guid":{"rendered":"https:\/\/fermedefrevan.fr\/?page_id=28"},"modified":"2026-02-17T18:42:25","modified_gmt":"2026-02-17T17:42:25","slug":"opale","status":"publish","type":"page","link":"https:\/\/fermedefrevan.fr\/?page_id=28","title":{"rendered":"Opale"},"content":{"rendered":"\n<p style=\"font-size:16px\">G\u00eete pour <strong>deux<\/strong> personnes maximum (<span style=\"text-decoration: underline;\">une chambre<\/span>, deux couchages possibles)<\/p>\n\n\n\n<p><\/p>\n\n\n\n<p class=\"has-small-font-size\">Le g\u00eete Opale est compos\u00e9 d&rsquo;une grande pi\u00e8ce en bas comprenant s\u00e9jour, cuisine am\u00e9nag\u00e9e et \u00e9quip\u00e9e (vous trouverez tout ce dont vous avez besoin pour cuisiner de bons petits plats). La pi\u00e8ce est munie d&rsquo;un canap\u00e9 convertible pour permettre aux deux voyageurs de dormir dans des lits s\u00e9par\u00e9s si besoin.<br>Vous y trouverez \u00e9galement un petit espace bureau.<br>A l&rsquo;\u00e9tage, 1 chambre avec 1 grand lit double (160 cm x 200 cm \/ draps fournis) et une salle d&rsquo;eau (\u00e9quip\u00e9e d&rsquo;une douche \/ serviettes de toilette fournies).<br>Vous disposez d&rsquo;une entr\u00e9e privative et d&rsquo;un petit jardin clos privatif avec terrasse en bois.<br>Wifi dans tout le logement.<br>Ce g\u00eete peut accueillir maximum deux personnes (enfant et b\u00e9b\u00e9 compris, merci d&rsquo;en tenir compte lors de votre r\u00e9servation), si vous voyagez avec un ou des enfants, n&rsquo;h\u00e9sitez pas \u00e0 jeter un coup d&rsquo;\u0153il \u00e0 nos g\u00eetes Ambre et Nacre qui pourront \u00e9galement vous accueillir.<br><\/p>\n\n\n\n<figure class=\"wp-block-gallery has-nested-images columns-default is-cropped wp-block-gallery-1 is-layout-flex wp-block-gallery-is-layout-flex\">\n<figure class=\"wp-block-image size-large\"><img loading=\"lazy\" decoding=\"async\" width=\"686\" height=\"1024\" data-id=\"547\" src=\"https:\/\/fermedefrevan.fr\/wp-content\/uploads\/2025\/01\/bf8fdd14-bc6d-4430-8152-b734fcb0f776-686x1024.jpg\" alt=\"\" class=\"wp-image-547\" srcset=\"https:\/\/fermedefrevan.fr\/wp-content\/uploads\/2025\/01\/bf8fdd14-bc6d-4430-8152-b734fcb0f776-686x1024.jpg 686w, https:\/\/fermedefrevan.fr\/wp-content\/uploads\/2025\/01\/bf8fdd14-bc6d-4430-8152-b734fcb0f776-201x300.jpg 201w, https:\/\/fermedefrevan.fr\/wp-content\/uploads\/2025\/01\/bf8fdd14-bc6d-4430-8152-b734fcb0f776-768x1147.jpg 768w, https:\/\/fermedefrevan.fr\/wp-content\/uploads\/2025\/01\/bf8fdd14-bc6d-4430-8152-b734fcb0f776-1028x1536.jpg 1028w, https:\/\/fermedefrevan.fr\/wp-content\/uploads\/2025\/01\/bf8fdd14-bc6d-4430-8152-b734fcb0f776-40x60.jpg 40w, https:\/\/fermedefrevan.fr\/wp-content\/uploads\/2025\/01\/bf8fdd14-bc6d-4430-8152-b734fcb0f776.jpg 1371w\" sizes=\"auto, (max-width: 686px) 100vw, 686px\" \/><figcaption class=\"wp-element-caption\">L&rsquo;entr\u00e9e ind\u00e9pendante du g\u00eete<\/figcaption><\/figure>\n\n\n\n<figure class=\"wp-block-image size-large\"><img loading=\"lazy\" decoding=\"async\" width=\"1024\" height=\"768\" data-id=\"546\" src=\"https:\/\/fermedefrevan.fr\/wp-content\/uploads\/2025\/01\/9bb27e11-743c-47ef-b2b4-54724420ca9a-1024x768.jpg\" alt=\"\" class=\"wp-image-546\" srcset=\"https:\/\/fermedefrevan.fr\/wp-content\/uploads\/2025\/01\/9bb27e11-743c-47ef-b2b4-54724420ca9a-1024x768.jpg 1024w, https:\/\/fermedefrevan.fr\/wp-content\/uploads\/2025\/01\/9bb27e11-743c-47ef-b2b4-54724420ca9a-300x225.jpg 300w, https:\/\/fermedefrevan.fr\/wp-content\/uploads\/2025\/01\/9bb27e11-743c-47ef-b2b4-54724420ca9a-768x576.jpg 768w, https:\/\/fermedefrevan.fr\/wp-content\/uploads\/2025\/01\/9bb27e11-743c-47ef-b2b4-54724420ca9a-1536x1152.jpg 1536w, https:\/\/fermedefrevan.fr\/wp-content\/uploads\/2025\/01\/9bb27e11-743c-47ef-b2b4-54724420ca9a-80x60.jpg 80w, https:\/\/fermedefrevan.fr\/wp-content\/uploads\/2025\/01\/9bb27e11-743c-47ef-b2b4-54724420ca9a.jpg 2048w\" sizes=\"auto, (max-width: 1024px) 100vw, 1024px\" \/><\/figure>\n\n\n\n<figure class=\"wp-block-image size-large\"><img loading=\"lazy\" decoding=\"async\" width=\"1024\" height=\"768\" data-id=\"548\" src=\"https:\/\/fermedefrevan.fr\/wp-content\/uploads\/2025\/01\/5b9b9504-727d-471a-bec8-524aa664e811-1024x768.jpg\" alt=\"\" class=\"wp-image-548\" srcset=\"https:\/\/fermedefrevan.fr\/wp-content\/uploads\/2025\/01\/5b9b9504-727d-471a-bec8-524aa664e811-1024x768.jpg 1024w, https:\/\/fermedefrevan.fr\/wp-content\/uploads\/2025\/01\/5b9b9504-727d-471a-bec8-524aa664e811-300x225.jpg 300w, https:\/\/fermedefrevan.fr\/wp-content\/uploads\/2025\/01\/5b9b9504-727d-471a-bec8-524aa664e811-768x576.jpg 768w, https:\/\/fermedefrevan.fr\/wp-content\/uploads\/2025\/01\/5b9b9504-727d-471a-bec8-524aa664e811-1536x1152.jpg 1536w, https:\/\/fermedefrevan.fr\/wp-content\/uploads\/2025\/01\/5b9b9504-727d-471a-bec8-524aa664e811-80x60.jpg 80w, https:\/\/fermedefrevan.fr\/wp-content\/uploads\/2025\/01\/5b9b9504-727d-471a-bec8-524aa664e811.jpg 2048w\" sizes=\"auto, (max-width: 1024px) 100vw, 1024px\" \/><figcaption class=\"wp-element-caption\">Un canap\u00e9 convertible <\/figcaption><\/figure>\n<\/figure>\n\n\n<div class=\"wp-block-image\">\n<figure class=\"aligncenter size-large\"><img loading=\"lazy\" decoding=\"async\" width=\"1024\" height=\"768\" src=\"https:\/\/fermedefrevan.fr\/wp-content\/uploads\/2025\/01\/74572aa0-a6e7-4ef9-88df-ba9fa1eccbf7-1024x768.jpg\" alt=\"\" class=\"wp-image-550\" srcset=\"https:\/\/fermedefrevan.fr\/wp-content\/uploads\/2025\/01\/74572aa0-a6e7-4ef9-88df-ba9fa1eccbf7-1024x768.jpg 1024w, https:\/\/fermedefrevan.fr\/wp-content\/uploads\/2025\/01\/74572aa0-a6e7-4ef9-88df-ba9fa1eccbf7-300x225.jpg 300w, https:\/\/fermedefrevan.fr\/wp-content\/uploads\/2025\/01\/74572aa0-a6e7-4ef9-88df-ba9fa1eccbf7-768x576.jpg 768w, https:\/\/fermedefrevan.fr\/wp-content\/uploads\/2025\/01\/74572aa0-a6e7-4ef9-88df-ba9fa1eccbf7-1536x1152.jpg 1536w, https:\/\/fermedefrevan.fr\/wp-content\/uploads\/2025\/01\/74572aa0-a6e7-4ef9-88df-ba9fa1eccbf7-80x60.jpg 80w, https:\/\/fermedefrevan.fr\/wp-content\/uploads\/2025\/01\/74572aa0-a6e7-4ef9-88df-ba9fa1eccbf7.jpg 2048w\" sizes=\"auto, (max-width: 1024px) 100vw, 1024px\" \/><figcaption class=\"wp-element-caption\">                                                                      La vue du g\u00eete depuis l&rsquo;entr\u00e9e<\/figcaption><\/figure><\/div>\n\n\n<figure class=\"wp-block-gallery has-nested-images columns-default is-cropped wp-block-gallery-2 is-layout-flex wp-block-gallery-is-layout-flex\">\n<figure class=\"wp-block-image size-large\"><img loading=\"lazy\" decoding=\"async\" width=\"768\" height=\"1024\" data-id=\"551\" src=\"https:\/\/fermedefrevan.fr\/wp-content\/uploads\/2025\/01\/16b15e5d-c246-4bf5-8b26-f609fba97479-768x1024.jpg\" alt=\"\" class=\"wp-image-551\" srcset=\"https:\/\/fermedefrevan.fr\/wp-content\/uploads\/2025\/01\/16b15e5d-c246-4bf5-8b26-f609fba97479-768x1024.jpg 768w, https:\/\/fermedefrevan.fr\/wp-content\/uploads\/2025\/01\/16b15e5d-c246-4bf5-8b26-f609fba97479-225x300.jpg 225w, https:\/\/fermedefrevan.fr\/wp-content\/uploads\/2025\/01\/16b15e5d-c246-4bf5-8b26-f609fba97479-1152x1536.jpg 1152w, https:\/\/fermedefrevan.fr\/wp-content\/uploads\/2025\/01\/16b15e5d-c246-4bf5-8b26-f609fba97479-45x60.jpg 45w, https:\/\/fermedefrevan.fr\/wp-content\/uploads\/2025\/01\/16b15e5d-c246-4bf5-8b26-f609fba97479.jpg 1536w\" sizes=\"auto, (max-width: 768px) 100vw, 768px\" \/><figcaption class=\"wp-element-caption\">La cuisine am\u00e9nag\u00e9e et \u00e9quip\u00e9e<\/figcaption><\/figure>\n\n\n\n<figure class=\"wp-block-image size-large\"><img loading=\"lazy\" decoding=\"async\" width=\"768\" height=\"1024\" data-id=\"556\" src=\"https:\/\/fermedefrevan.fr\/wp-content\/uploads\/2025\/01\/3813189e-0381-47f1-9a90-943caa4017a1-768x1024.jpg\" alt=\"\" class=\"wp-image-556\" srcset=\"https:\/\/fermedefrevan.fr\/wp-content\/uploads\/2025\/01\/3813189e-0381-47f1-9a90-943caa4017a1-768x1024.jpg 768w, https:\/\/fermedefrevan.fr\/wp-content\/uploads\/2025\/01\/3813189e-0381-47f1-9a90-943caa4017a1-225x300.jpg 225w, https:\/\/fermedefrevan.fr\/wp-content\/uploads\/2025\/01\/3813189e-0381-47f1-9a90-943caa4017a1-1152x1536.jpg 1152w, https:\/\/fermedefrevan.fr\/wp-content\/uploads\/2025\/01\/3813189e-0381-47f1-9a90-943caa4017a1-45x60.jpg 45w, https:\/\/fermedefrevan.fr\/wp-content\/uploads\/2025\/01\/3813189e-0381-47f1-9a90-943caa4017a1.jpg 1536w\" sizes=\"auto, (max-width: 768px) 100vw, 768px\" \/><figcaption class=\"wp-element-caption\">L&rsquo;espace repas<\/figcaption><\/figure>\n\n\n\n<figure class=\"wp-block-image size-large\"><img loading=\"lazy\" decoding=\"async\" width=\"768\" height=\"1024\" data-id=\"558\" src=\"https:\/\/fermedefrevan.fr\/wp-content\/uploads\/2025\/01\/5de4dd89-98c9-4981-97e4-194d834a1806-768x1024.jpg\" alt=\"\" class=\"wp-image-558\" srcset=\"https:\/\/fermedefrevan.fr\/wp-content\/uploads\/2025\/01\/5de4dd89-98c9-4981-97e4-194d834a1806-768x1024.jpg 768w, https:\/\/fermedefrevan.fr\/wp-content\/uploads\/2025\/01\/5de4dd89-98c9-4981-97e4-194d834a1806-225x300.jpg 225w, https:\/\/fermedefrevan.fr\/wp-content\/uploads\/2025\/01\/5de4dd89-98c9-4981-97e4-194d834a1806-1152x1536.jpg 1152w, https:\/\/fermedefrevan.fr\/wp-content\/uploads\/2025\/01\/5de4dd89-98c9-4981-97e4-194d834a1806-45x60.jpg 45w, https:\/\/fermedefrevan.fr\/wp-content\/uploads\/2025\/01\/5de4dd89-98c9-4981-97e4-194d834a1806.jpg 1536w\" sizes=\"auto, (max-width: 768px) 100vw, 768px\" \/><\/figure>\n\n\n\n<figure class=\"wp-block-image size-large\"><img loading=\"lazy\" decoding=\"async\" width=\"1024\" height=\"768\" data-id=\"552\" src=\"https:\/\/fermedefrevan.fr\/wp-content\/uploads\/2025\/01\/62f68c87-e906-4476-85bb-e8b628278cb9-1024x768.jpg\" alt=\"\" class=\"wp-image-552\" srcset=\"https:\/\/fermedefrevan.fr\/wp-content\/uploads\/2025\/01\/62f68c87-e906-4476-85bb-e8b628278cb9-1024x768.jpg 1024w, https:\/\/fermedefrevan.fr\/wp-content\/uploads\/2025\/01\/62f68c87-e906-4476-85bb-e8b628278cb9-300x225.jpg 300w, https:\/\/fermedefrevan.fr\/wp-content\/uploads\/2025\/01\/62f68c87-e906-4476-85bb-e8b628278cb9-768x576.jpg 768w, https:\/\/fermedefrevan.fr\/wp-content\/uploads\/2025\/01\/62f68c87-e906-4476-85bb-e8b628278cb9-1536x1152.jpg 1536w, https:\/\/fermedefrevan.fr\/wp-content\/uploads\/2025\/01\/62f68c87-e906-4476-85bb-e8b628278cb9-80x60.jpg 80w, https:\/\/fermedefrevan.fr\/wp-content\/uploads\/2025\/01\/62f68c87-e906-4476-85bb-e8b628278cb9.jpg 2048w\" sizes=\"auto, (max-width: 1024px) 100vw, 1024px\" \/><figcaption class=\"wp-element-caption\">L&rsquo;espace salon<\/figcaption><\/figure>\n\n\n\n<figure class=\"wp-block-image size-large\"><img loading=\"lazy\" decoding=\"async\" width=\"738\" height=\"1024\" data-id=\"553\" src=\"https:\/\/fermedefrevan.fr\/wp-content\/uploads\/2025\/01\/5d12cbfa-f789-44b9-a6cf-84de29f0e5aa-738x1024.jpg\" alt=\"\" class=\"wp-image-553\" srcset=\"https:\/\/fermedefrevan.fr\/wp-content\/uploads\/2025\/01\/5d12cbfa-f789-44b9-a6cf-84de29f0e5aa-738x1024.jpg 738w, https:\/\/fermedefrevan.fr\/wp-content\/uploads\/2025\/01\/5d12cbfa-f789-44b9-a6cf-84de29f0e5aa-216x300.jpg 216w, https:\/\/fermedefrevan.fr\/wp-content\/uploads\/2025\/01\/5d12cbfa-f789-44b9-a6cf-84de29f0e5aa-768x1066.jpg 768w, https:\/\/fermedefrevan.fr\/wp-content\/uploads\/2025\/01\/5d12cbfa-f789-44b9-a6cf-84de29f0e5aa-1107x1536.jpg 1107w, https:\/\/fermedefrevan.fr\/wp-content\/uploads\/2025\/01\/5d12cbfa-f789-44b9-a6cf-84de29f0e5aa-43x60.jpg 43w, https:\/\/fermedefrevan.fr\/wp-content\/uploads\/2025\/01\/5d12cbfa-f789-44b9-a6cf-84de29f0e5aa.jpg 1476w\" sizes=\"auto, (max-width: 738px) 100vw, 738px\" \/><figcaption class=\"wp-element-caption\">L&rsquo;espace bureau<\/figcaption><\/figure>\n\n\n\n<figure class=\"wp-block-image size-large\"><img loading=\"lazy\" decoding=\"async\" width=\"768\" height=\"1024\" data-id=\"554\" src=\"https:\/\/fermedefrevan.fr\/wp-content\/uploads\/2025\/01\/3a2a2ba7-ec36-4c42-8f47-5db35beb2398-768x1024.jpg\" alt=\"\" class=\"wp-image-554\" srcset=\"https:\/\/fermedefrevan.fr\/wp-content\/uploads\/2025\/01\/3a2a2ba7-ec36-4c42-8f47-5db35beb2398-768x1024.jpg 768w, https:\/\/fermedefrevan.fr\/wp-content\/uploads\/2025\/01\/3a2a2ba7-ec36-4c42-8f47-5db35beb2398-225x300.jpg 225w, https:\/\/fermedefrevan.fr\/wp-content\/uploads\/2025\/01\/3a2a2ba7-ec36-4c42-8f47-5db35beb2398-1152x1536.jpg 1152w, https:\/\/fermedefrevan.fr\/wp-content\/uploads\/2025\/01\/3a2a2ba7-ec36-4c42-8f47-5db35beb2398-45x60.jpg 45w, https:\/\/fermedefrevan.fr\/wp-content\/uploads\/2025\/01\/3a2a2ba7-ec36-4c42-8f47-5db35beb2398.jpg 1536w\" sizes=\"auto, (max-width: 768px) 100vw, 768px\" \/><\/figure>\n\n\n\n<figure class=\"wp-block-image size-large\"><img loading=\"lazy\" decoding=\"async\" width=\"768\" height=\"1024\" data-id=\"555\" src=\"https:\/\/fermedefrevan.fr\/wp-content\/uploads\/2025\/01\/841da625-b7a5-4d7e-9be3-e7185cf47fbc-768x1024.jpg\" alt=\"\" class=\"wp-image-555\" srcset=\"https:\/\/fermedefrevan.fr\/wp-content\/uploads\/2025\/01\/841da625-b7a5-4d7e-9be3-e7185cf47fbc-768x1024.jpg 768w, https:\/\/fermedefrevan.fr\/wp-content\/uploads\/2025\/01\/841da625-b7a5-4d7e-9be3-e7185cf47fbc-225x300.jpg 225w, https:\/\/fermedefrevan.fr\/wp-content\/uploads\/2025\/01\/841da625-b7a5-4d7e-9be3-e7185cf47fbc-1152x1536.jpg 1152w, https:\/\/fermedefrevan.fr\/wp-content\/uploads\/2025\/01\/841da625-b7a5-4d7e-9be3-e7185cf47fbc-45x60.jpg 45w, https:\/\/fermedefrevan.fr\/wp-content\/uploads\/2025\/01\/841da625-b7a5-4d7e-9be3-e7185cf47fbc.jpg 1536w\" sizes=\"auto, (max-width: 768px) 100vw, 768px\" \/><\/figure>\n<\/figure>\n\n\n\n<figure class=\"wp-block-gallery has-nested-images columns-default is-cropped wp-block-gallery-3 is-layout-flex wp-block-gallery-is-layout-flex\">\n<figure class=\"wp-block-image size-large\"><img loading=\"lazy\" decoding=\"async\" width=\"1024\" height=\"768\" data-id=\"587\" src=\"https:\/\/fermedefrevan.fr\/wp-content\/uploads\/2025\/02\/e2e3ca90-4dd2-40a6-9455-620e72c8503a-1024x768.jpg\" alt=\"\" class=\"wp-image-587\" srcset=\"https:\/\/fermedefrevan.fr\/wp-content\/uploads\/2025\/02\/e2e3ca90-4dd2-40a6-9455-620e72c8503a-1024x768.jpg 1024w, https:\/\/fermedefrevan.fr\/wp-content\/uploads\/2025\/02\/e2e3ca90-4dd2-40a6-9455-620e72c8503a-300x225.jpg 300w, https:\/\/fermedefrevan.fr\/wp-content\/uploads\/2025\/02\/e2e3ca90-4dd2-40a6-9455-620e72c8503a-768x576.jpg 768w, https:\/\/fermedefrevan.fr\/wp-content\/uploads\/2025\/02\/e2e3ca90-4dd2-40a6-9455-620e72c8503a-1536x1152.jpg 1536w, https:\/\/fermedefrevan.fr\/wp-content\/uploads\/2025\/02\/e2e3ca90-4dd2-40a6-9455-620e72c8503a-80x60.jpg 80w, https:\/\/fermedefrevan.fr\/wp-content\/uploads\/2025\/02\/e2e3ca90-4dd2-40a6-9455-620e72c8503a.jpg 2048w\" sizes=\"auto, (max-width: 1024px) 100vw, 1024px\" \/><figcaption class=\"wp-element-caption\">La chambre pour deux personnes avec un lit 160 cm x 200 cm<\/figcaption><\/figure>\n<\/figure>\n\n\n\n<figure class=\"wp-block-image size-large\"><img loading=\"lazy\" decoding=\"async\" width=\"1024\" height=\"771\" src=\"https:\/\/fermedefrevan.fr\/wp-content\/uploads\/2024\/04\/Chambre-Opale-1-1-1024x771.jpg\" alt=\"\" class=\"wp-image-347\" srcset=\"https:\/\/fermedefrevan.fr\/wp-content\/uploads\/2024\/04\/Chambre-Opale-1-1-1024x771.jpg 1024w, https:\/\/fermedefrevan.fr\/wp-content\/uploads\/2024\/04\/Chambre-Opale-1-1-300x226.jpg 300w, https:\/\/fermedefrevan.fr\/wp-content\/uploads\/2024\/04\/Chambre-Opale-1-1-768x578.jpg 768w, https:\/\/fermedefrevan.fr\/wp-content\/uploads\/2024\/04\/Chambre-Opale-1-1-1536x1157.jpg 1536w, https:\/\/fermedefrevan.fr\/wp-content\/uploads\/2024\/04\/Chambre-Opale-1-1-2048x1542.jpg 2048w, https:\/\/fermedefrevan.fr\/wp-content\/uploads\/2024\/04\/Chambre-Opale-1-1-80x60.jpg 80w\" sizes=\"auto, (max-width: 1024px) 100vw, 1024px\" \/><\/figure>\n\n\n\n<figure class=\"wp-block-image size-large\"><img loading=\"lazy\" decoding=\"async\" width=\"771\" height=\"1024\" src=\"https:\/\/fermedefrevan.fr\/wp-content\/uploads\/2024\/04\/Salle-deau-Opale-771x1024.jpg\" alt=\"\" class=\"wp-image-332\" srcset=\"https:\/\/fermedefrevan.fr\/wp-content\/uploads\/2024\/04\/Salle-deau-Opale-771x1024.jpg 771w, https:\/\/fermedefrevan.fr\/wp-content\/uploads\/2024\/04\/Salle-deau-Opale-226x300.jpg 226w, https:\/\/fermedefrevan.fr\/wp-content\/uploads\/2024\/04\/Salle-deau-Opale-768x1020.jpg 768w, https:\/\/fermedefrevan.fr\/wp-content\/uploads\/2024\/04\/Salle-deau-Opale-1157x1536.jpg 1157w, https:\/\/fermedefrevan.fr\/wp-content\/uploads\/2024\/04\/Salle-deau-Opale-1542x2048.jpg 1542w, https:\/\/fermedefrevan.fr\/wp-content\/uploads\/2024\/04\/Salle-deau-Opale-45x60.jpg 45w, https:\/\/fermedefrevan.fr\/wp-content\/uploads\/2024\/04\/Salle-deau-Opale-scaled.jpg 1928w\" sizes=\"auto, (max-width: 771px) 100vw, 771px\" \/><\/figure>\n\n\n\n<p style=\"font-size:18px\"><strong>Composition du logement<\/strong><\/p>\n\n\n\n<ul class=\"wp-block-list\">\n<li class=\"has-small-font-size\">Surface habitable&nbsp;: 50 m2<\/li>\n\n\n\n<li class=\"has-small-font-size\">Capacit\u00e9&nbsp;: 2 personnes<\/li>\n\n\n\n<li class=\"has-small-font-size\">Nombre de pi\u00e8ces principales&nbsp;: 1 (salon avec canap\u00e9 convertible, cuisine et espace repas)<\/li>\n\n\n\n<li class=\"has-small-font-size\">Nombres de chambres&nbsp;:&nbsp; 1 avec 1 lit double<\/li>\n\n\n\n<li class=\"has-small-font-size\">Nombre de salle d\u2019eau (avec 1 WC et 1 douche)&nbsp;: 1<\/li>\n\n\n\n<li class=\"has-small-font-size\">Jardin privatif clos avec terrasse en bois et acc\u00e8s au jardin commun<\/li>\n\n\n\n<li class=\"has-small-font-size\">Parking priv\u00e9 sur la propri\u00e9t\u00e9 pour une voiture<\/li>\n<\/ul>\n\n\n\n<p><strong>Equipements&nbsp;et mobilier<\/strong><\/p>\n\n\n\n<ul class=\"wp-block-list\">\n<li style=\"font-size:18px\"><strong>Au rez-de-chauss\u00e9e<\/strong><\/li>\n\n\n\n<li class=\"has-small-font-size\"><em><strong>Pi\u00e8ce principale<\/strong><\/em><\/li>\n\n\n\n<li class=\"has-small-font-size\">1 canap\u00e9 <span style=\"text-decoration: underline;\">convertible<\/span> trois places avec coussins et plaids<\/li>\n\n\n\n<li class=\"has-small-font-size\">1 table basse<\/li>\n\n\n\n<li class=\"has-small-font-size\">1 meuble avec t\u00e9l\u00e9viseur par antenne num\u00e9rique<\/li>\n\n\n\n<li class=\"has-small-font-size\">1 table \u00e0 manger avec deux chaises<\/li>\n\n\n\n<li class=\"has-small-font-size\">1 bureau avec une chaise et une lampe d\u2019appoint,<\/li>\n\n\n\n<li class=\"has-small-font-size\"><em><strong>Espace cuisine<\/strong><\/em><\/li>\n\n\n\n<li class=\"has-small-font-size\">1 r\u00e9frig\u00e9rateur \u2013 freezer<\/li>\n\n\n\n<li class=\"has-small-font-size\">1 Four<\/li>\n\n\n\n<li class=\"has-small-font-size\">1 plaque de cuisson \u00e0 induction<\/li>\n\n\n\n<li class=\"has-small-font-size\">1 hotte aspirante<\/li>\n\n\n\n<li class=\"has-small-font-size\">1 micro-ondes<\/li>\n\n\n\n<li class=\"has-small-font-size\">1 bouilloire<\/li>\n\n\n\n<li class=\"has-small-font-size\">1 cafeti\u00e8re \u00e0 filtre<\/li>\n\n\n\n<li class=\"has-small-font-size\">1 cafeti\u00e8re \u00e0 dosettes (Tassimo)<\/li>\n\n\n\n<li class=\"has-small-font-size\">1 grille-pain<\/li>\n\n\n\n<li class=\"has-small-font-size\">1 aspirateur \/ 1 \u00e9tendoir \u00e0 linge<\/li>\n\n\n\n<li class=\"has-small-font-size\">1 double-poubelle<\/li>\n\n\n\n<li class=\"has-small-font-size\">Vaisselle et ustensiles de cuisine pour deux personnes<\/li>\n\n\n\n<li class=\"has-small-font-size\">1 porte fen\u00eatre donnant sur un petit jardin clos privatif avec terrasse en bois (contenant une table et deux chaises)<\/li>\n<\/ul>\n\n\n\n<ul class=\"wp-block-list\">\n<li style=\"font-size:18px\"><strong>A l\u2019\u00e9tage<\/strong><\/li>\n\n\n\n<li class=\"has-small-font-size\"><strong><em>Chambre<\/em><\/strong><\/li>\n\n\n\n<li class=\"has-small-font-size\">1 lit double (160 cm x 200 cm) <\/li>\n\n\n\n<li class=\"has-small-font-size\">2 tables de nuit avec deux lampes de chevet<\/li>\n\n\n\n<li class=\"has-small-font-size\">1 canap\u00e9 d\u2019appoint de deux places avec coussin<\/li>\n\n\n\n<li class=\"has-small-font-size\">1 dressing en bambou avec cintres<\/li>\n\n\n\n<li class=\"has-small-font-size\">1 marchepied<\/li>\n\n\n\n<li class=\"has-small-font-size\">1 commode (fer \u00e0 repasser)<\/li>\n\n\n\n<li class=\"has-small-font-size\">1 meuble de toilette<\/li>\n\n\n\n<li class=\"has-small-font-size\">1 table \u00e0 repasser<\/li>\n\n\n\n<li class=\"has-small-font-size\">D\u00e9coration murale<\/li>\n\n\n\n<li class=\"has-small-font-size\">Deux fen\u00eatres de toit avec stores enrouleurs occultants.<\/li>\n\n\n\n<li class=\"has-medium-font-size\"><strong><em>Salle d&rsquo;eau<\/em><\/strong><\/li>\n\n\n\n<li class=\"has-small-font-size\">1 douche (80 cm x 80 cm) et 1 WC<\/li>\n\n\n\n<li class=\"has-small-font-size\">1 meuble de rangement (avec s\u00e8che-cheveux)<\/li>\n\n\n\n<li class=\"has-small-font-size\">1 \u00e9tag\u00e8re murale<\/li>\n\n\n\n<li class=\"has-small-font-size\">2 miroirs muraux<\/li>\n\n\n\n<li class=\"has-small-font-size\">1 porte-manteau &#8211; 1 barre s\u00e8che-serviette<\/li>\n\n\n\n<li class=\"has-small-font-size\">1 poubelle<\/li>\n<\/ul>\n\n\n\n<p><strong>Autres \u00e9quipements et services:<\/strong><\/p>\n\n\n\n<ul class=\"wp-block-list\">\n<li class=\"has-small-font-size\">Mat\u00e9riel et produits d\u2019entretien pour l\u2019entretien du g\u00eete (liquide vaisselle, spray multi-usage, spray d\u00e9sinfectant, nettoyant sol, produit WC, \u00e9ponges, lingettes microfibres, essuie-mains, sacs poubelles, serpill\u00e8re, \u00e9pingles \u00e0 linge).<\/li>\n\n\n\n<li class=\"has-small-font-size\">Linge de lit \u2013 linge de toilette et linge de cuisine fourni (en fonction du nombre de personnes et de la dur\u00e9e du s\u00e9jour).<\/li>\n\n\n\n<li class=\"has-small-font-size\">Consommables \u00e0 disposition pour le d\u00e9marrage du s\u00e9jour (dosettes de caf\u00e9, caf\u00e9 moulu, filtres \u00e0 caf\u00e9, th\u00e9, sucre, huile, sel, poivre, essuie-tout, papier toilette).<\/li>\n\n\n\n<li class=\"has-small-font-size\">Chauffage&nbsp;: \u00e9lectrique \u00e0 inertie fluide et connect\u00e9.<\/li>\n\n\n\n<li class=\"has-small-font-size\">Internet (Wifi).<\/li>\n\n\n\n<li class=\"has-small-font-size\">S\u00e9curit\u00e9&nbsp;: 1 d\u00e9tecteur de fum\u00e9e et 1 d\u00e9tecteur de monoxyde de carbone, 1 extincteur.<\/li>\n\n\n\n<li class=\"has-small-font-size\">Equipement b\u00e9b\u00e9 sur demande\u00a0: lit parapluie, chaise haute.<\/li>\n<\/ul>\n\n\n\n<p style=\"font-size:14px\">Pour tout compl\u00e9ment d&rsquo;information, pour conna\u00eetre les tarifs et\/ou pour r\u00e9server, n&rsquo;h\u00e9sitez pas \u00e0 nous contacter par mail \u00e0 : <strong>fermedefrevan@gmail.com<\/strong> ou par t\u00e9l\u00e9phone au : <strong>06.18.31.58.71<\/strong><\/p>\n\n\n\n<p><\/p>\n","protected":false},"excerpt":{"rendered":"<p>G\u00eete pour deux personnes maximum (une chambre, deux couchages possibles) Le g\u00eete Opale est compos\u00e9 d&rsquo;une grande pi\u00e8ce en bas comprenant s\u00e9jour, cuisine am\u00e9nag\u00e9e et &hellip; <\/p>\n","protected":false},"author":1,"featured_media":0,"parent":0,"menu_order":0,"comment_status":"closed","ping_status":"closed","template":"","meta":{"footnotes":""},"class_list":["post-28","page","type-page","status-publish","hentry"],"_links":{"self":[{"href":"https:\/\/fermedefrevan.fr\/index.php?rest_route=\/wp\/v2\/pages\/28","targetHints":{"allow":["GET"]}}],"collection":[{"href":"https:\/\/fermedefrevan.fr\/index.php?rest_route=\/wp\/v2\/pages"}],"about":[{"href":"https:\/\/fermedefrevan.fr\/index.php?rest_route=\/wp\/v2\/types\/page"}],"author":[{"embeddable":true,"href":"https:\/\/fermedefrevan.fr\/index.php?rest_route=\/wp\/v2\/users\/1"}],"replies":[{"embeddable":true,"href":"https:\/\/fermedefrevan.fr\/index.php?rest_route=%2Fwp%2Fv2%2Fcomments&post=28"}],"version-history":[{"count":65,"href":"https:\/\/fermedefrevan.fr\/index.php?rest_route=\/wp\/v2\/pages\/28\/revisions"}],"predecessor-version":[{"id":895,"href":"https:\/\/fermedefrevan.fr\/index.php?rest_route=\/wp\/v2\/pages\/28\/revisions\/895"}],"wp:attachment":[{"href":"https:\/\/fermedefrevan.fr\/index.php?rest_route=%2Fwp%2Fv2%2Fmedia&parent=28"}],"curies":[{"name":"wp","href":"https:\/\/api.w.org\/{rel}","templated":true}]}}